e
Is 159 a multiple of 53?
True
Is 784 a multiple of 104?
False
Does 12 divide 784?
False
Does 11 divide 217?
False
Is 32280 a multiple of 10?
True
Does 17 divide 18632?
True
Is 30618 a multiple of 18?
True
Does 16 divide 26581?
False
Is 115 a factor of 31992?
False
Is 93 a factor of 473?
False
Is 2937 a multiple of 9?
False
Is 7268 a multiple of 79?
True
Is 94710 a multiple of 92?
False
Is 8 a factor of 10568?
True
Is 4 a factor of 990?
False
Is 8 a factor of 1192?
True
Is 20 a factor of 8280?
True
Is 15861 a multiple of 51?
True
Does 28 divide 414?
False
Is 19 a factor of 3674?
False
Is 61 a multiple of 36?
False
Is 874 a multiple of 38?
True
Does 22 divide 374?
True
Is 7 a factor of 876?
False
Is 124 a multiple of 5?
False
Is 152 a factor of 2214?
False
Is 61237 a multiple of 23?
False
Is 11 a factor of 77?
True
Does 36 divide 1337?
False
Does 15 divide 39765?
True
Does 79 divide 79?
True
Is 34 a factor of 30974?
True
Is 2032 a multiple of 16?
True
Does 13 divide 9009?
True
Does 35 divide 315?
True
Is 73 a factor of 146?
True
Is 9 a factor of 5730?
False
Is 2271 a multiple of 11?
False
Is 21 a factor of 159844?
False
Is 15325 a multiple of 36?
False
Does 70 divide 53867?
False
Does 8 divide 9130?
False
Does 85 divide 2471?
False
Is 83 a factor of 1079?
True
Does 6 divide 512?
False
Is 1880 a multiple of 40?
True
Is 9 a factor of 999?
True
Is 81 a factor of 8100?
True
Is 21 a factor of 567?
True
Is 358 a multiple of 35?
False
Does 88 divide 8360?
True
Is 3312 a multiple of 46?
True
Is 62 a factor of 18662?
True
Is 14 a factor of 1162?
True
Is 821 a multiple of 7?
False
Does 95 divide 2755?
True
Is 615 a multiple of 21?
False
Is 5304 a multiple of 78?
True
Is 336 a multiple of 48?
True
Does 20 divide 1803?
False
Is 20 a factor of 56500?
True
Is 2268 a multiple of 42?
True
Does 13 divide 223?
False
Is 121 a factor of 7260?
True
Is 8694 a multiple of 63?
True
Does 7 divide 3214?
False
Is 2937 a multiple of 11?
True
Is 10 a factor of 3420?
True
Is 12 a factor of 1013?
False
Does 17 divide 1683?
True
Is 15 a factor of 5895?
True
Is 11550 a multiple of 75?
True
Is 24 a factor of 855?
False
Is 3330 a multiple of 9?
True
Does 10 divide 1859?
False
Is 33131 a multiple of 114?
False
Is 1438 a multiple of 7?
False
Is 26 a factor of 9898?
False
Is 578 a multiple of 84?
False
Does 12 divide 62166?
False
Does 34 divide 4474?
False
Does 19 divide 611?
False
Is 33 a factor of 1881?
True
Does 3 divide 27?
True
Does 21 divide 63798?
True
Is 2475 a multiple of 15?
True
Does 13 divide 6004?
False
Does 10 divide 6110?
True
Does 10 divide 15581?
False
Is 95 a factor of 3230?
True
Is 15 a factor of 6855?
True
Is 184 a factor of 59984?
True
Does 145 divide 4205?
True
Does 8 divide 1849?
False
Is 12 a factor of 326?
False
Is 27937 a multiple of 307?
True
Is 17 a factor of 34159?
False
Is 1856 a multiple of 58?
True
Is 50 a factor of 11039?
False
Does 18 divide 5418?
True
Is 890 a multiple of 5?
True
Does 4 divide 1072?
True
Is 35 a factor of 1505?
True
Is 268 a multiple of 4?
True
Does 216 divide 4271?
False
Is 7150 a multiple of 38?
False
Is 24557 a multiple of 14?
False
Is 1296 a multiple of 27?
True
Is 377 a multiple of 13?
True
Is 3768 a multiple of 26?
False
Is 78 a factor of 1326?
True
Does 37 divide 16709?
False
Is 8 a factor of 35016?
True
Is 43 a factor of 25062?
False
Is 24 a factor of 8868?
False
Is 5 a factor of 230?
True
Is 1304 a multiple of 10?
False
Is 3366 a multiple of 11?
True
Does 11 divide 2324?
False
Does 19 divide 171?
True
Is 8 a factor of 4749?
False
Is 13 a factor of 1550?
False
Does 9 divide 804?
False
Does 23 divide 314?
False
Is 29 a factor of 411?
False
Is 45 a factor of 163?
False
Does 15 divide 1939?
False
Is 3 a factor of 4853?
False
Does 41 divide 246?
True
Is 17 a factor of 4740?
False
Is 204 a multiple of 4?
True
Is 11 a factor of 2288?
True
Is 23559 a multiple of 17?
False
Is 2194 a multiple of 118?
False
Does 15 divide 975?
True
Does 3 divide 193?
False
Is 7562 a multiple of 38?
True
Is 7962 a multiple of 6?
True
Does 45 divide 13342?
False
Is 3201 a multiple of 183?
False
Is 13 a factor of 4943?
False
Is 155 a factor of 9048?
False
Is 49 a factor of 20531?
True
Does 18 divide 7434?
True
Is 12916 a multiple of 22?
False
Is 495 a multiple of 2?
False
Is 275 a multiple of 12?
False
Is 70 a multiple of 35?
True
Does 100 divide 35423?
False
Is 1842 a multiple of 6?
True
Is 18 a factor of 1066?
False
Does 4 divide 303?
False
Is 105 a factor of 31863?
False
Does 25 divide 2550?
True
Is 17 a factor of 68?
True
Does 10 divide 280?
True
Is 1288 a multiple of 92?
True
Is 296 a multiple of 4?
True
Is 12 a factor of 8087?
False
Is 170 a factor of 11040?
False
Is 13384 a multiple of 4?
True
Is 37 a factor of 7548?
True
Does 8 divide 11664?
True
Is 14 a factor of 56?
True
Does 34 divide 2176?
True
Is 45840 a multiple of 60?
True
Is 122640 a multiple of 7?
True
Is 732 a multiple of 6?
True
Is 3 a factor of 227?
False
Does 58 divide 1723?
False
Does 7 divide 7959?
True
Is 627 a multiple of 11?
True
Is 19 a factor of 87?
False
Is 180 a multiple of 77?
False
Does 90 divide 3885?
False
Is 3062 a multiple of 11?
False
Is 32 a factor of 18875?
False
Does 24 divide 868?
False
Is 5310 a multiple of 101?
False
Does 5 divide 45?
True
Is 4443 a multiple of 24?
False
Is 1365 a multiple of 3?
True
Does 26 divide 491?
False
Does 8 divide 2184?
True
Is 1547 a multiple of 91?
True
Is 7 a factor of 1155?
True
Is 12 a factor of 1500?
True
Is 18863 a multiple of 174?
False
Does 8 divide 518?
False
Does 5 divide 83?
False
Is 9338 a multiple of 3?
False
Is 5 a factor of 300?
True
Does 17 divide 39047?
False
Is 48 a factor of 32640?
True
Is 48749 a multiple of 41?
True
Is 41 a factor of 328?
True
Does 30 divide 1020?
True
Is 94 a multiple of 14?
False
Is 8 a factor of 4320?
True
Is 140 a factor of 94500?
True
Is 4943 a multiple of 6?
False
Is 52 a multiple of 4?
True
Is 15 a factor of 60?
True
Is 2 a factor of 39?
False
Does 13 divide 615?
False
Does 5 divide 1200?
True
Does 17 divide 7667?
True
Is 23 a factor of 23?
True
Does 4 divide 468?
True
Is 151 a multiple of 6?
False
Is 53872 a multiple of 208?
True
Is 72268 a multiple of 24?
False
Is 25929 a multiple of 35?
False
Is 1463 a multiple of 7?
True
Does 18 divide 9551?
False
Is 1295 a multiple of 35?
True
Is 375 a multiple of 25?
True
Does 21 divide 781?
False
Does 136 divide 5304?
True
Does 36 divide 216?
True
Does 14 divide 10360?
True
Does 28 divide 392?
True
Is 91 a factor of 12194?
True
Is 220 a multiple of 24?
False
Does 20 divide 1080?
True
Is 11069 a multiple of 41?
False
Is 229 a factor of 27022?
True
Is 40 a factor of 880?
True
Is 28881 a multiple of 111?
False
Is 2 a factor of 1150?
True
Does 4 divide 1176?
True
Does 17 divide 4159?
False
Does 42 divide 8490?
False
Is 7973 a multiple of 9?
False
Does 5 divide 17210?
True
Is 3 a factor of 7353?
True
Is 993 a multiple of 139?
False
Is 141 a factor of 7498?
False
Does 5 divide 334?
False
Does 32 divide 25408?
True
Does 15 divide 8884?
False
Is 496 a multiple of 16?
True
Is 137009 a multiple of 17?
False
Is 614 a multiple of 2?
True
Is 5 a factor of 160?
True
Is 195 even?
False
Does 46 divide 14485?
False
Does 25 divide 1275?
True
Is 9 a factor of 279?
True
Is 23398 a multiple of 42?
False
Does 24 divide 200?
False
Is 4290 a multiple of 89?
False
Does 103 divide 4120?
True
Is 117554 a multiple of 53?
True
Is 19 a factor of 304?
True
Is 522 a multiple of 6?
True
Is 2132 a multiple of 13?
True
Is 9163 a multiple of 77?
True
Is 6812 a multiple of 34?
False
Is 184 a factor of 74473?
False
Is 11 a factor of 43165?
False
Is 8499 a multiple of 15?
False
Does 5 divide 45?
True
Does 31 divide 2828?
False
Is 3486 a multiple of 59?
False
Is 11 a factor of 506?
True
Is 5789 a multiple of 23?
False
Is 5816 a multiple of 40?
False
Does 36 divide 1008?
True
Does 9 divide 1082?
False
Is 36 a factor of 15562?
False
Does 96 divide 7296?
True
Does 55 divide 3520?
True
Is 180143 a multiple of 12?
False
Does 10 divide 1430?
True
Is 20698 a multiple of 262?
True
Does 10 divide 3550?
True
Is 1305 a multiple of 6?
False
Is 57586 a multiple of 20?
False
Does 21 divide 12215?
False
Is 3384 a multiple of 9?
True
Is 3249 a multiple of 59?
False
Does 5 divide 72?
False
Is 39 a f